 k.
227
Let i(w) = 54*w**2 + 9*w - 23. What are the prime factors of i(7)?
2, 17, 79
Let n be (-12)/8*4/(-2). Let y = 2 + n. Suppose -x = 5*g - 24, 40 = y*g - 0*x + 5*x. What are the prime factors of g?
2
Suppose -2*f + l + 5949 = 0, -4*f - 76*l + 73*l + 11903 = 0. What are the prime factors of f?
5, 7, 17
Let l = 28 - 20. Let q = 657 - 303. List the prime factors of 5/(-20) + q/l.
2, 11
Let n be 3 + 3 + 0 + -3. Suppose -o - 2*a = 3*o - 400, -2*a = n*o - 301. What are the prime factors of o?
3, 11
Let z = 2 - 8. Suppose -3*q + b + 4 = -11, -5*b + 1 = 4*q. List the prime factors of ((-12)/z)/(q/26).
13
Let v = 7310 - 3550. List the prime factors of v.
2, 5, 47
Suppose 5*h = -s + 300 + 7, -5*s = 3*h - 171. Suppose -w + 173 = 2*z, -h = 5*z - 2*w - 499. What are the prime factors of z?
3, 29
Let r(o) = o + 9. Let u be r(-5). Suppose n = u*n - 249. What are the prime factors of n?
83
Let n(c) = 4*c**3 - c**2 + 2*c. Let g = 4 - 10. Let s be g/(-21)*(-2 - -9). What are the prime factors of n(s)?
2
Let c = -15 + 20. Suppose 5*y + c*d = 30, 4 = 3*y - 3*d - d. Suppose -2*k + 0*v + y*v + 28 = 0, -2 = -v. What are the prime factors of k?
2, 3
Let g(z) = -z**3 - 12*z**2 - 16*z - 13. Let h be g(-12). Let i = -126 + h. What are the prime factors of i?
53
Suppose 4*y + 5*s = 3*y + 810, -y + 3*s + 778 = 0. What are the prime factors of y?
2, 5, 79
Let x(n) = 2*n**2 + 4*n + 77. List the prime factors of x(-7).
3, 7
Suppose 0 = 5*p - x + 3*x - 4, -5*x + 10 = 3*p. Suppose p*w + 13*w = 1248. List the prime factors of w.
2, 3
Let j = -60 + 92. Let w = j + -18. Suppose 16 = z - w. What are the prime factors of z?
2, 3, 5
Let u(r) = -39*r - 1. Let o be u(1). Let g = o + 66. What are the prime factors of g?
2, 13
Let o(l) = -4580*l**3 - 2*l**2 + 2*l + 2. List the prime factors of o(-1).
2, 3, 7, 109
Let o be (-8)/(-60) + (-112)/(-60). What are the prime factors of o/(-10) + 1/((-15)/(-828))?
5, 11
Suppose 5*b - 2*a = 45, 2*b + 3*a = -a + 42. Suppose 14*w - b*w = 201. What are the prime factors of w?
67
Let n be -3 + 5 - (-1 + 59 + 2). Let m = 140 + n. List the prime factors of m.
2, 41
What are the prime factors of 4 - 17 - (8 - 4880)?
43, 113
Suppose -3*f - b + 1322 = 2*f, -4*f + 4*b = -1072. Suppose 0 = 11*h - 16*h + f. What are the prime factors of h?
53
Suppose 2*u = -3*r + 98, u - 2*r = -2*u + 121. List the prime factors of u.
43
Suppose 2*a = -5*a. What are the prime factors of 140 + 5/25*a?
2, 5, 7
Let t = 2 - -11. Let q(v) = -v**3 + 13*v**2 + v + 1. List the prime factors of q(t).
2, 7
Let d be ((-4)/3)/(14/(-105)). Suppose -29 = -2*x + 11. Let o = x - d. List the prime factors of o.
2, 5
Let z(g) = 89*g**2 + 2*g - 1. Let c be (0 - -3 - 3) + 1 - 0. List the prime factors of z(c).
2, 3, 5
Let c(k) = k - 6. Let v be c(6). List the prime factors of -20 + 47 - (v - -1).
2, 13
Let o(t) = -2*t - 2. Let s be o(-2). Let w be 62/(8/(-36) + 24/27). Suppose s*h = -h + w. What are the prime factors of h?
31
Let l = 229 + -121. Let z be 4/(-22) + l/(-11). Let w(c) = 2*c**2 + 12*c - 22. What are the prime factors of w(z)?
2, 29
Let y be 1 + 5 - (-3 + 4). What are the prime factors of (2 + 0)*y/(-30)*-345?
5, 23
Let x(w) = -93*w - 100. List the prime factors of x(-7).
19, 29
Let l(q) = q**3 + 2*q - 4. Let y be l(0). What are the prime factors of (-7)/y*160/8?
5, 7
Suppose 0 = -3*s + 2*c - 22, 2*s + 0*c - 12 = -4*c. Let h = -2 - s. What are the prime factors of (h/(-1))/(4/(-14))?
7
Suppose 2*q + 727 = j, 5*q - 2*q - 1440 = -2*j. List the prime factors of j.
3, 241
Let g be 484 - (-2 + -1 + 4/2). Let z = -210 + g. List the prime factors of z.
5, 11
Let a(s) = -s. Let n(t) = 35*t**2 - 4*t + 2. Let k(p) = -5*a(p) + n(p). What are the prime factors of k(-1)?
2, 3
Let w = 635 + 52. What are the prime factors of w?
3, 229
Suppose -74 = 5*t - 524. Suppose u = 5, -2*u = 2*y - 4*y + t. Suppose 6*x - 5*q = 2*x + 205, q = x - y. List the prime factors of x.
3, 5
Suppose -3*f + 5*b + 4 = b, -b - 1 = 2*f. Let g(y) = -5*y - 1 - 6*y + f*y + y. List the prime factors of g(-1).
3
Suppose -117*b + 242557 = -343028. What are the prime factors of b?
5, 7, 11, 13
Suppose 0 = -14*z + 1928 - 122. List the prime factors of z.
3, 43
Let x(f) = 3*f**2 - 13 + 2*f**2 + 12*f - 4*f**2. Let n be x(-13). Let b = 58 + n. What are the prime factors of b?
2, 29
Let s = 39 - 23. Suppose -s - 14 = i. What are the prime factors of i*2*(-6)/8?
3, 5
Suppose 2*g + 2*l - 1372 = 728, 0 = 3*g - 2*l - 3125. List the prime factors of g.
5, 11, 19
Let f = -104 + 444. List the prime factors of f.
2, 5, 17
Let w(u) = u**2 + u + 1. Let d be w(-1). Suppose 2*x + z + 18 = 0, -4*z = x + d + 1. Let k = x - -43. List the prime factors of k.
3, 11
Let y(u) = u**2 - 20*u - 66. What are the prime factors of y(23)?
3
Suppose -2255 - 85 = 6*h. Let t = -235 - h. List the prime factors of t.
5, 31
Suppose -3*w - 79 = h - 2*h, -2*h = w - 137. Let m = -2 + h. What are the prime factors of m?
2, 17
Let v(n) = -n - 6*n - 3 + 6 + 1 + 8*n**2. List the prime factors of v(4).
2, 13
Suppose 2055*o - 2045*o - 9120 = 0. What are the prime factors of o?
2, 3, 19
Let y(v) = -16*v**2 - 7*v + 6. Let u(o) = -11*o**2 - 5*o + 4. Let s(n) = 7*u(n) - 5*y(n). Let w(f) = f - 3. Let l be w(6). List the prime factors of s(l).
5
Let s = 1881 - -980. List the prime factors of s.
2861
Let o = 570 - 333. List the prime factors of o.
3, 79
Suppose 5*a + 11 + 19 = 0. Let n be ((35/(-21))/(-5))/(1/(-12)). What are the prime factors of n + 2 + (a - -13)?
5
Let v = -1 - 41. Let z = -80 - v. What are the prime factors of (-9)/(-6)*z/(-3)?
19
Let p = 217 + 1157. What are the prime factors of p?
2, 3, 229
Suppose 9*f - 132 = 7*f. Suppose -2*c = -4*c + f. List the prime factors of c - -19 - 2*1.
2, 5
Suppose 0*l = -l + 156. Suppose 3*m - 2*j = l, -3*j = -2*m + 2*j + 115. What are the prime factors of m?
2, 5
Let n be (-6 + 5)/((-1)/(-439)). Let g = n + 638. What are the prime factors of g?
199
Let t(v) be the first derivative of -v**3/3 - 8*v**2 + 9*v - 5. Let h be t(-11). Suppose 0 = -k - 3*k + h. What are the prime factors of k?
2
Let k(l) be the first derivative of -15*l**2/2 - 8*l + 4. What are the prime factors of k(-5)?
67
Let n = 490 + 423. List the prime factors of n.
11, 83
Let d(n) = -116*n - 43. What are the prime factors of d(-3)?
5, 61
Let l = 102 + 237. List the prime factors of l.
3, 113
Suppose 0 = -3*g + 30 - 3. Suppose 10*d = 11*d + g. Let c = 64 + d. What are the prime factors of c?
5, 11
Let p(g) = g**3 - 28*g**2 + 35*g - 53. What are the prime factors of p(29)?
3, 601
Suppose 11*m - 37908 = -m. What are the prime factors of m?
3, 13
Let x be (-18)/(-2)*2/(-6). List the prime factors of (x/9)/((-1)/87).
29
Suppose -5*q - 1893 = -3*n, 5*n - 254 = q + 2923. List the prime factors of n.
2, 3, 53
Let x(m) = -m**2 - 6*m + 13. Let w be x(-7). What are the prime factors of (-2)/w + (-223)/(-3)?
2, 37
Let a(v) = v**3 + 2*v**2 + 2*v - 68. Let j be a(0). List the prime factors of j/(-51)*402/4.
2, 67
Let t(v) = 27*v + 41. Let h(s) = 27*s + 48. Let n(z) = -6*h(z) + 7*t(z). Let a = 1 - 0. What are the prime factors of n(a)?
2, 13
Let z be -18 + 0 + 2 + -2 + -1. Suppose 15 = 5*f + 55. Let b = f - z. List the prime factors of b.
11
List the prime factors of (-6 - (-11)/(154/(-2136)))*-14.
2, 3, 5, 37
Suppose 8*q = 3*q, -3*d + 1485 = 5*q. Suppose 2*w + 7*w - d = 0. List the prime factors of 4/(6 + -2) + w.
2, 7
Suppose 4*j - 154 = -5*l + 188, -3*j + 268 = -2*l. What are the prime factors of j?
2, 11
Let l(j) = -j**3 + 16*j**2 - 7*j + 8. Let a be l(12). Suppose 8*u - 212 = a. What are the prime factors of u?
89
Let y(w) = -3*w**3 + w**2 + 2*w + 2. Let x be y(-1). Suppose -3*k + c = -157, -x*k - k - 3*c = -243. What are the prime factors of k?
3, 17
Suppose 0 = 3*i - 3*i + 2*i. Suppose -2*f + i*g = -g - 253, -2*g = 2*f - 244. List the prime factors of f.
5
Let m(x) = -x**3 + x**2 - 3*x - 3. Let u(o) = -2*o - 19. Let t be u(-8). List the prime factors of m(t).
2, 3, 7
Let x(q) = -3*q - 30. Let u be x(13). Let i = 74 - u. What are the prime factors of i?
11, 13
Let n(s) = s**3 - 8*s**2 + 5*s + 3. Let m(x) = 4*x - 18. Let c be m(7). What are the prime factors of n(c)?
11, 23
Let x be -3 - (1 - 161)/2. Let j(a) = a + 4. Let z be j(-3). List the prime factors of (132/x